 1?
24b14
In base 8, what is 1 - 5006?
-5005
In base 15, what is -4 + -4117b?
-41180
In base 2, what is 11110 + 10101111?
11001101
In base 8, what is 2227 + -15?
2212
In base 6, what is -3224 - 1023?
-4251
In base 16, what is -5 - 1b54?
-1b59
In base 2, what is 110000110101100111000 - -10?
110000110101100111010
In base 2, what is -111100 - 11111?
-1011011
In base 2, what is -100101101 + -1111101?
-110101010
In base 4, what is -1010011332 + -1?
-1010011333
In base 8, what is -12517 + 253?
-12244
In base 7, what is -455040 + 13?
-455024
In base 12, what is -64715 + 6?
-6470b
In base 14, what is -1 - 37308?
-37309
In base 15, what is -194 - 7?
-19b
In base 3, what is -11122110001 + 100?
-11122102201
In base 9, what is 1 - -57272?
57273
In base 15, what is -2 + e05?
e03
In base 15, what is 5 + -3023?
-301d
In base 16, what is 3 - 13dc2?
-13dbf
In base 2, what is 10001011110 - -110?
10001100100
In base 10, what is 9577 - -2?
9579
In base 12, what is -b689 - 11?
-b69a
In base 14, what is bcb1 - -33?
bd04
In base 4, what is 3 - 2320203?
-2320200
In base 10, what is -7414 + -6?
-7420
In base 12, what is -5 + -40474?
-40479
In base 16, what is 3 + -8f0?
-8ed
In base 16, what is -41ea - -64?
-4186
In base 7, what is 14 - 60166?
-60152
In base 10, what is 0 + 81118?
81118
In base 13, what is -196 - 5c2?
-788
In base 11, what is 1131 - 2114?
-a93
In base 7, what is -111 - -40361?
40250
In base 15, what is 9a + -1e2?
-147
In base 4, what is -303113 - -13?
-303100
In base 2, what is 101 + 100000111100010010?
100000111100010111
In base 3, what is -12 - -10102200202?
10102200120
In base 6, what is 110054250 - -1?
110054251
In base 5, what is -4110 + -12414?
-22024
In base 15, what is -beae - -4?
-beaa
In base 3, what is 2121121121 - 2?
2121121112
In base 7, what is 1232215 - 0?
1232215
In base 14, what is -1 - dd02?
-dd03
In base 10, what is 84 - -23587?
23671
In base 16, what is 0 - -3a9e?
3a9e
In base 8, what is 4027 - -53?
4102
In base 5, what is 3013 + -203013?
-200000
In base 9, what is 66 + 1312?
1378
In base 14, what is -49ba90 + -5?
-49ba95
In base 12, what is -6aa4 - -2?
-6aa2
In base 12, what is 2805 - -5?
280a
In base 3, what is -1012 - 22?
-1111
In base 12, what is -5 - 57a9?
-57b2
In base 13, what is 0 + b0ab?
b0ab
In base 4, what is -21 - -2032?
2011
In base 5, what is 2012201 - 4?
2012142
In base 8, what is 2 - 17777?
-17775
In base 12, what is 318935 + -5?
318930
In base 10, what is 10684 + 0?
10684
In base 15, what is 52 - 2ba?
-268
In base 15, what is 406a5 - 7?
4069d
In base 10, what is 58 + 725?
783
In base 2, what is -10011011011011010 + -11100?
-10011011011110110
In base 10, what is 21125 - -120?
21245
In base 9, what is 24 - 25075?
-25051
In base 14, what is 3 - 3619?
-3616
In base 2, what is 111110100 + -100111?
111001101
In base 3, what is -220 + -201100101?
-201101021
In base 3, what is 10 - 1212210111?
-1212210101
In base 11, what is 458601 - -5?
458606
In base 2, what is 1111010000111100010 + 101?
1111010000111100111
In base 6, what is -2 + -10214?
-10220
In base 7, what is 24516152 + 3?
24516155
In base 7, what is -5 + -1022365?
-1022403
In base 7, what is -4 - -1444101?
1444064
In base 13, what is 8 - -c692?
c69a
In base 14, what is 4522 - -24?
4546
In base 12, what is -2 - 1943b3?
-1943b5
In base 5, what is -1100232 - 2?
-1100234
In base 14, what is -5a604 - -1?
-5a603
In base 3, what is -10122 + -2020?
-12212
In base 7, what is 246460 - 1?
246456
In base 6, what is -12554 - -112?
-12442
In base 13, what is -2 - -42c9?
42c7
In base 16, what is bb38e - 4?
bb38a
In base 3, what is -112220201 - 2?
-112220210
In base 2, what is -110110101000001 + -101?
-110110101000110
In base 3, what is 10021200 + -2102011?
212112
In base 11, what is -113513 + -5?
-113518
In base 8, what is 1225 - 5754?
-4527
In base 16, what is 2aabc - 1?
2aabb
In base 2, what is 110110101000 - 110010?
110101110110
In base 11, what is -9 + -6496?
-64a4
In base 16, what is -583e - 5?
-5843
In base 9, what is 1313 + -358?
844
In base 14, what is a8493 - 3?
a8490
In base 9, what is -5 + -468170?
-468175
In base 8, what is 143 - 7246?
-7103
In base 7, what is 5 + 13623?
13631
In base 4, what is 11011 + 21?
11032
In base 16, what is 1 + 782e?
782f
In base 4, what is -130211 - -11312?
-112233
In base 6, what is -3 + -2344?
-2351
In base 12, what is -466b5 + -10?
-46705
In base 6, what is 21 + -511200?
-511135
In base 3, what is -202220012210 + -12?
-202220012222
In base 12, what is 1 - 123?
-122
In base 13, what is 1c - 397a?
-395b
In base 2, what is 1 - 11001111110011?
-11001111110010
In base 4, what is -111013011 - 11?
-111013022
In base 12, what is 1633 + 11?
1644
In base 9, what is -4 + -38145?
-38150
In base 6, what is 14324214 - -2?
14324220
In base 7, what is -13 - 10212?
-10225
In base 8, what is -2361 + -142?
-2523
In base 14, what is 98c2 - -7?
98c9
In base 14, what is -1 - 3561?
-3562
In base 5, what is 1132323 + 12?
1132340
In base 10, what is 32 - 55?
-23
In base 12, what is aaab + 3?
aab2
In base 9, what is -42621 - -16?
-42604
In base 9, what is -2 + -30257?
-30260
In base 4, what is -100323 - -11?
-100312
In base 10, what is 45 + -3186?
-3141
In base 5, what is 311 + -342?
-31
In base 12, what is -3 + -12576?
-12579
In base 10, what is 45 + -11777?
-11732
In base 8, what is 2750 - 57?
2671
In base 11, what is 265 - 3318?
-3063
In base 7, what is 32202 + -13?
32156
In base 5, what is 0 - -114343?
114343
In base 4, what is 11 - -333213?
333230
In base 5, what is 0 - 22310341?
-22310341
In base 8, what is 64 + -27622?
-27536
In base 14, what is 1282 + 58?
12da
In base 3, what is -12 + -100110200102?
-100110200121
In base 12, what is -4 - -105580?
105578
In base 9, what is -36187 + -1?
-36188
In base 14, what is -7 + 1dc9?
1dc2
In base 4, what is -3233 + 103?
-3130
In base 15, what is -5 + 6315d?
63158
In base 5, what is -1230140031 - -2?
-1230140024
In base 5, what is 1230 - 433?
242
In base 7, what is 1113144 + -41?
1113103
In base 7, what is 15 + -2216?
-2201
In base 6, what is -10 + 13044003?
13043553
In base 12, what is -15 - -30a2?
3089
In base 6, what is -50 - -1332?
1242
In base 9, what is -31 + -1626?
-1657
In base 9, what is -30441 - -7?
-30433
In base 11, what is 36a9 + 84?
3782
In base 9, what is -157220 - 3?
-157223
In base 6, what is 1043 - -232?
1315
In base 8, what is 262 - 140?
122
In base 8, what is -1 - -221511?
221510
In base 8, what is 175466 + 1?
175467
In base 13, what is 10598 - -48?
10613
In base 15, what is -106e + -280?
-12ee
In base 14, what is 5ad71 + -5?
5ad6a
In base 10, what is 35011 - -4?
35015
In base 16, what is -d5a + -19?
-d73
In base 2, what is -1 - 100000001001000011?
-100000001001000100
In base 2, what is 101011110011110 + 1010100?
101011111110010
In base 7, what is -2 - 23646?
-23651
In base 10, what is -49020 + 5?
-49015
In base 13, what is 77 + -83?
-9
In base 10, what is 0 + -25535?
-25535
In base 14, what is d9 + -182?
-87
In base 10, what is -94347 - -48?
-94299
In base 16, what is 8 + 1c9fe?
1ca06
In base 11, what is 6 + -233?
-228
In base 4, what is -1010312 + -1230?
-1012202
In base 6, what is -2343 - 40035?
-42422
In base 16, what is -3fb - -18f?
-26c
In base 13, what is -13 + -7371?
-7384
In base 5, what is 3223 - -2310?
11033
In base 11, what is 5 + -14946?
-14941
In base 4, what is -10 - 1123211000?
-1123211010
In base 16, what is -3 + -e741?
-e744
In base 14, what is 6b2c2 + 5?
6b2c7
In base 7, what is 1620 - -53?
2003
In base 10, what is 164 - 6005?
-5841
In base 15, what is 3e - -574c?
578b
In base 15, what is -371a - 6?
-3721
In base 4, what is 1113111302 - -22?
1113111330
In base 14, what is -4106a + 4?
-41066
In base 10, what is -48 - -3394?
3346
In base 2, what is 100 - -10011010100111?
10011010101011
In base 16, what is 53d - -b?
548
In base 3, what is -101 - 111212111120?
-111212111221
In base 6, what is -1104 - 3022?
-4130
In base 10, what is -9654 + 29?
-9625
In base 3, what is 101201210 - 12?
101201121
In base 5, what is -332 - -214?
-113
In base 3, what is -2112112 - 11?
-2112200
In base 3, what is 2 + -2021201122?
-2021201120
In base 16, what is -3d19 - -4?
-3d15
In base 4, what is -123111 + 23?
-123022
In base 15, what is -2b96 + -d3?
-2c79
In base 5, what is -343 + 141?
-202
In base 13